
Suppose k = 4 - 14. Let b = k + 27. What are the prime factors of b?
17
Suppose 4*g - 9*g + 700 = 0. List the prime factors of g.
2, 5, 7
Let v = -6 + 12. What are the prime factors of v?
2, 3
Suppose -4*f + 3*v = -20, 0 = -f + 6*f + v - 6. Suppose 576 = -2*g - f*g. List the prime factors of 2/5 - g/15.
2, 5
Suppose 2*j + 0*j = -5*v + 12, 4*v = 4*j - 24. Let f = j + -4. Suppose f*n + 3*n = 30. What are the prime factors of n?
2, 3
Let g(r) = 8*r + 4. List the prime factors of g(12).
2, 5
Let c be 2 + 0 + -2 - 0. Let x(h) = -h**3 + 2*h + c*h - 3*h**2 + 0 + 3. List the prime factors of x(-4).
11
List the prime factors of (84/3)/4*1.
7
List the prime factors of (20 + 1)/((-6)/(-12)).
2, 3, 7
Suppose -j = -4*s + 439, 5*s + 7 = 4*j + 542. What are the prime factors of s?
3, 37
Let z(f) = 5 + 18*f**3 - 16*f**3 - 2*f**2 + 0 - 2. What are the prime factors of z(3)?
3, 13
Let w = -14 + 33. List the prime factors of w.
19
Let g = 10 - 10. List the prime factors of (2 - g)*63/6.
3, 7
Suppose 3*b = -2*b. Suppose -27 = -2*d - 5*s - b*s, -5*d = 2*s - 78. What are the prime factors of d?
2
Let o be (-1)/(-1) + 0/(-2). Let f(n) = -n + 1. Let z(b) = -8*b - 4. Let w(v) = o*z(v) + 3*f(v). What are the prime factors of w(-1)?
2, 5
Let b(f) = -f**3 + 6*f**2 + f - 2. List the prime factors of b(6).
2
Suppose -13*i + 222 = 92. What are the prime factors of i?
2, 5
Suppose 52 = 4*v - 4*i, 4*i = 3*i - 5. Suppose -1 = q - v. List the prime factors of q.
7
Let r be (2/(-3))/(3/9). Let i = r - -4. Suppose 3*f - 24 = 5*v - i*v, -4*f + 3*v + 32 = 0. List the prime factors of f.
2
Let q(c) = -c**2 - 8*c + 1. Let s be 0 - (0 + 2 + -6). Let h(p) = -p**2 + 4*p - 6. Let r be h(s). What are the prime factors of q(r)?
13
Let z = 16 - 7. Let f = z - 4. What are the prime factors of f?
5
Suppose -15*n + 1536 = -7*n. List the prime factors of n.
2, 3
Let b = 2 - 3. Let w = b - -25. What are the prime factors of (w/(-20))/((-1)/5)?
2, 3
Suppose 2*r - 19 - 207 = j, -4*j + 16 = 0. List the prime factors of r.
5, 23
Let a(k) be the third derivative of -5*k**4/24 - k**3/3 - k**2. Let x(i) = -6*i + 2. Let d be x(1). What are the prime factors of a(d)?
2, 3
Let w = 6 - -16. Suppose 0 = -3*c + w + 14. What are the prime factors of c?
2, 3
Let x be (-8 - -3)*4/(-10). Suppose 0*a + x = -a. Let z(d) = -4*d. List the prime factors of z(a).
2
Suppose 3*j - 252 = -j. List the prime factors of j.
3, 7
Let l be (-1)/(-6) - 85/(-30). Suppose -35 = -2*k - l*k. List the prime factors of k.
7
Let c = 0 + 39. List the prime factors of c.
3, 13
What are the prime factors of (-1)/(0/2 + (-3)/312)?
2, 13
Let f(t) = 2*t**2 - 25*t - 91. List the prime factors of f(22).
3, 109
Let f be (0 - 12)*8/12. Let s be (4/6)/(1/(-9)). What are the prime factors of (s/4)/(6/f)?
2
Let w(k) be the first derivative of -2*k**2 + 2. List the prime factors of w(-6).
2, 3
Let a(q) = -3*q - 8. Suppose -h = -2*u + 2*h + 17, 4*u - h = 29. Let g(l) = 3*l + 9. Let x(b) = u*a(b) + 6*g(b). What are the prime factors of x(-4)?
2, 5
Let z be -2*3*(-12)/18. What are the prime factors of 1068/66 + z/(-22)?
2
Let j = -1 + -16. Let o = 30 + j. What are the prime factors of o?
13
Suppose 4*z + 180 = 4*v, -4*z - 238 + 12 = -5*v. List the prime factors of v.
2, 23
What are the prime factors of (17/(-3))/((-2)/102)?
17
Let u(w) = 24*w**2 - w + 3. List the prime factors of u(-2).
101
List the prime factors of ((-18)/(-4 + 1))/((-10)/(-55)).
3, 11
Suppose -2*m = 8, 3*q = -5*m + 122 + 47. What are the prime factors of q?
3, 7
Let a(y) = 4*y - 7. List the prime factors of a(10).
3, 11
Let q(f) = f**3 + 7*f**2 - f - 2. List the prime factors of q(-7).
5
Let j(t) = 3*t**2 + t - 1. Let u = 1 + -3. What are the prime factors of j(u)?
3
Suppose -19 = 5*x - c + 5, 0 = -4*x - 3*c - 4. Let q be 24/9*6/x. Let b(i) = -i**3 - 3*i**2 + 2*i - 1. List the prime factors of b(q).
7
Let x(b) = 30*b**2 - 2*b - 1. Let z(f) = f**2 - 11*f - 1. Let a be z(11). List the prime factors of x(a).
31
Suppose 4*d = 3*x - 3 + 5, 3*x = 3*d. Suppose x*k - 57 = -k. List the prime factors of k.
19
Suppose 0 = 5*j - 6*j + 25. What are the prime factors of j?
5
Let d(h) be the third derivative of h**4/12 + 2*h**3 - 2*h**2. Let f be d(-8). Let q = 6 + f. What are the prime factors of q?
2
Let o(w) = 2*w**2 - 2*w. List the prime factors of o(2).
2
Let c(g) = 2*g - 2. Suppose -4*u + 14 = -2. Let k(o) = -4*o + 4. Let n(v) = u*k(v) + 7*c(v). What are the prime factors of n(-4)?
2, 5
Let a(r) = -26*r. Let s be a(-2). Let l = s - 10. List the prime factors of l.
2, 3, 7
Suppose -15 = t - 4*t. Suppose 3*k = 4*s + 72, t*k + 24 - 118 = -2*s. Let q = k - 11. List the prime factors of q.
3
Suppose -2*x + 3*x - 4 = 0. Suppose -36 = -3*m + x*l, 4*m - 37 = -m - l. List the prime factors of m.
2
What are the prime factors of 2 - (24/(-16) + 338/(-4))?
2, 11
Let b(c) = c**3 - 7*c**2 + 3. Let z be b(7). Suppose -z*j + 5 + 4 = 0. Suppose -j*g - 2*u + 30 = u, 2*g + 3*u - 19 = 0. What are the prime factors of g?
11
Suppose -2*t = -5*c + 14, 0*t - 3*t + 13 = c. Let w = t + -3. Suppose -3*u - 3*h + 63 = w, -u + 0*u + h = -15. What are the prime factors of u?
2, 3
Suppose 4*q - 4 = t + 1, 0 = t + 2*q - 7. What are the prime factors of 2 + -1 + -1 + t?
3
Let z be 9/6*(-136)/(-12). Suppose a + 0*r - z = 5*r, 2*r = -3*a. List the prime factors of a.
2
Let y be (-15)/(-4) - 2/(-8). Suppose y*i = -0 + 40. What are the prime factors of 14/5 + 2/i?
3
Suppose 5*l = 6*l, -2*l = -2*c + 226. What are the prime factors of c?
113
Let c(f) be the first derivative of -f**4/4 - 5*f**3/3 - 5*f**2/2 - f - 1. Let a be (-4)/10 - (-90)/(-25). What are the prime factors of c(a)?
3
Suppose z = 3, 2*c + 2*z = -2*z + 92. Suppose 2*i = 2*j - c, 0 = -3*j + 8*j - 3*i - 104. What are the prime factors of j?
2, 11
Suppose -4*a + 8 + 32 = 0. Let x(r) = 2*r + 8. Let v be x(a). List the prime factors of (v/(-35))/((-2)/20).
2
Suppose 4*c - 2 = 22. Let d be (c/5)/(9/(-60)). Let s = d - -16. What are the prime factors of s?
2
Let n(l) = 20*l. Suppose 4*i + 4*b - b = 19, b = 5. List the prime factors of n(i).
2, 5
Suppose 102 - 32 = 5*u. List the prime factors of (u/(-5))/(12/(-210)).
7
Let a(m) = 8*m + 2. What are the prime factors of a(12)?
2, 7
List the prime factors of 1353/55 - (-4)/10.
5
Let k be 2 + 1*(-3 + 4). Suppose -l + k*l - 12 = 0. What are the prime factors of l?
2, 3
Let l be (1 + 0/(-3))*5. Suppose l*w + 2*t + 71 = 21, t + 29 = -3*w. Let z = -5 - w. List the prime factors of z.
3
Let z be (36/30)/(6/15). Suppose 3*b = -z*c + 63, 4*b - 3*c - 33 - 86 = 0. List the prime factors of b.
2, 13
Suppose -5*h - 3*s - 91 = -222, -s = -5*h + 123. Let l = -19 + h. List the prime factors of l.
2, 3
Let s(k) = k**3 - 10*k**2 + 9*k - 2. Let c(v) = -v**3 + 11*v**2 - 10*v + 2. Let y(j) = 2*c(j) + 3*s(j). Let b be y(7). List the prime factors of 20/6 - b/(-6).
3
Let b(j) = j**2 - 6*j - 2. Let k be b(6). Let a = 2 - k. What are the prime factors of a?
2
Let n(f) = -54*f - 16. What are the prime factors of n(-4)?
2, 5
Let a(t) = -t**3 + 5*t**2 + 7*t - 1. Let w be a(6). Suppose -167 = -w*d - 3*i, -d - 3*i + 12 + 19 = 0. What are the prime factors of d?
2, 17
Let p(u) be the first derivative of 3*u**2 - 3 + 1/3*u**3 + 6*u. What are the prime factors of p(-6)?
2, 3
Let l = 40 - 25. What are the prime factors of l?
3, 5
Suppose -4*m + 119 = -3*s - 58, -5*s + 69 = 2*m. List the prime factors of m.
2, 3, 7
What are the prime factors of ((-5)/((-5)/(-52)))/(-1)?
2, 13
Let y be (0 + -1)*-4*-2. Suppose -13 - 17 = 5*h. Let o = h - y. What are the prime factors of o?
2
Suppose -4*k - 20 = 0, f + 0*f + 9 = -4*k. List the prime factors of f.
11
Suppose -4*c = 0, -3*w + 5*c + 4 = -w. Suppose 5*f = -0*f - 5*r + 50, 0 = w*r. List the prime factors of f.
2, 5
Suppose -q + 2*k = -17, 4*q - 5*q + 17 = 5*k. What are the prime factors of q?
17
Suppose r = 2*z + 36 - 320, -5*r = 3*z - 426. What are the prime factors of z?
2, 71
Suppose 3*j - 3*l + 18 = 0, 4*l - 7*l = -15. Let z = j - -14. List the prime factors of z.
13
Suppose -q = -2*p + 32, 5*q = 3*p + 2*p - 85. Let g(f) = -f**3 + 7*f**2 - 7*f + 2. Let h be g(6). Let s = h + p. What are the prime factors of s?
11
Let q(c) = c**2 + 5*c - 6. List the prime factors of q(-12).
2, 3, 13
Suppose 0 = 3*s + i + 2*i 